 is the hundreds digit of 1829?
8
What is the hundreds digit of 949?
9
What is the thousands digit of 1962?
1
What is the hundreds digit of 3216?
2
What is the hundreds digit of 5966?
9
What is the hundreds digit of 134049?
0
What is the units digit of 658?
8
What is the units digit of 9007?
7
What is the hundreds digit of 683?
6
What is the hundreds digit of 6248?
2
What is the tens digit of 5486?
8
What is the ten thousands digit of 92430?
9
What is the thousands digit of 9996?
9
What is the hundreds digit of 631?
6
What is the hundreds digit of 267?
2
What is the hundreds digit of 3446?
4
What is the units digit of 2231?
1
What is the hundreds digit of 135719?
7
What is the tens digit of 1003?
0
What is the units digit of 472?
2
What is the ten thousands digit of 10669?
1
What is the tens digit of 2450?
5
What is the thousands digit of 24702?
4
What is the units digit of 24043?
3
What is the units digit of 1550?
0
What is the units digit of 2878?
8
What is the tens digit of 76167?
6
What is the tens digit of 3808?
0
What is the thousands digit of 15206?
5
What is the tens digit of 852?
5
What is the units digit of 642?
2
What is the thousands digit of 1849?
1
What is the thousands digit of 25389?
5
What is the ten thousands digit of 38466?
3
What is the hundreds digit of 2536?
5
What is the units digit of 10798?
8
What is the thousands digit of 41899?
1
What is the tens digit of 2292?
9
What is the tens digit of 28584?
8
What is the units digit of 173?
3
What is the units digit of 66755?
5
What is the units digit of 15943?
3
What is the ten thousands digit of 10539?
1
What is the thousands digit of 18010?
8
What is the hundreds digit of 49888?
8
What is the thousands digit of 7759?
7
What is the tens digit of 1736?
3
What is the hundreds digit of 3581?
5
What is the tens digit of 269?
6
What is the units digit of 2566?
6
What is the thousands digit of 2783?
2
What is the units digit of 5379?
9
What is the units digit of 2043?
3
What is the hundreds digit of 3653?
6
What is the thousands digit of 4111?
4
What is the units digit of 2566?
6
What is the tens digit of 456?
5
What is the tens digit of 96906?
0
What is the tens digit of 31372?
7
What is the thousands digit of 3508?
3
What is the thousands digit of 6647?
6
What is the ten thousands digit of 24324?
2
What is the units digit of 3023?
3
What is the units digit of 1063?
3
What is the units digit of 52780?
0
What is the hundreds digit of 6509?
5
What is the tens digit of 559?
5
What is the units digit of 12005?
5
What is the tens digit of 325?
2
What is the ten thousands digit of 48601?
4
What is the units digit of 16744?
4
What is the units digit of 7048?
8
What is the tens digit of 11203?
0
What is the hundreds digit of 6614?
6
What is the ten thousands digit of 51698?
5
What is the tens digit of 20104?
0
What is the thousands digit of 6276?
6
What is the units digit of 17622?
2
What is the thousands digit of 54495?
4
What is the thousands digit of 27420?
7
What is the thousands digit of 79320?
9
What is the units digit of 4329?
9
What is the units digit of 3445?
5
What is the tens digit of 3239?
3
What is the thousands digit of 11947?
1
What is the hundreds digit of 12106?
1
What is the ten thousands digit of 26334?
2
What is the hundreds digit of 907?
9
What is the units digit of 1116?
6
What is the tens digit of 5730?
3
What is the hundred thousands digit of 107152?
1
What is the units digit of 1890?
0
What is the hundreds digit of 168247?
2
What is the tens digit of 4709?
0
What is the hundreds digit of 71827?
8
What is the hundreds digit of 577?
5
What is the units digit of 588?
8
What is the tens digit of 33?
3
What is the thousands digit of 2432?
2
What is the tens digit of 13255?
5
What is the units digit of 40144?
4
What is the tens digit of 1115?
1
What is the thousands digit of 9158?
9
What is the ten thousands digit of 12176?
1
What is the units digit of 1420?
0
What is the thousands digit of 2106?
2
What is the hundreds digit of 913?
9
What is the thousands digit of 13423?
3
What is the thousands digit of 1763?
1
What is the ten thousands digit of 80385?
8
What is the units digit of 1534?
4
What is the thousands digit of 7223?
7
What is the units digit of 3994?
4
What is the thousands digit of 7473?
7
What is the thousands digit of 8695?
8
What is the tens digit of 733?
3
What is the units digit of 586?
6
What is the hundreds digit of 2825?
8
What is the units digit of 12318?
8
What is the hundreds digit of 29447?
4
What is the units digit of 768?
8
What is the units digit of 2022?
2
What is the tens digit of 2305?
0
What is the tens digit of 1284?
8
What is the hundreds digit of 34489?
4
What is the units digit of 51593?
3
What is the units digit of 30660?
0
What is the hundreds digit of 57631?
6
What is the hundreds digit of 16187?
1
What is the units digit of 2?
2
What is the hundreds digit of 2454?
4
What is the tens digit of 25358?
5
What is the thousands digit of 115240?
5
What is the thousands digit of 6706?
6
What is the thousands digit of 2719?
2
What is the thousands digit of 3272?
3
What is the thousands digit of 4205?
4
What is the hundreds digit of 79716?
7
What is the tens digit of 594?
9
What is the hundreds digit of 972?
9
What is the ten thousands digit of 12024?
1
What is the tens digit of 926?
2
What is the hundreds digit of 31327?
3
What is the units digit of 1946?
6
What is the tens digit of 727?
2
What is the tens digit of 426?
2
What is the hundreds digit of 71993?
9
What is the units digit of 30073?
3
What is the units digit of 2080?
0
What is the tens digit of 8634?
3
What is the hundred thousands digit of 127962?
1
What is the tens digit of 223?
2
What is the tens digit of 11215?
1
What is the hundreds digit of 35043?
0
What is the thousands digit of 33784?
3
What is the units digit of 13559?
9
What is the tens digit of 1806?
0
What is the units digit of 43319?
9
What is the units digit of 15610?
0
What is the tens digit of 72675?
7
What is the units digit of 817?
7
What is the thousands digit of 58508?
8
What is the tens digit of 1073?
7
What is the tens digit of 32321?
2
What is the thousands digit of 4753?
4
What is the tens digit of 613?
1
What is the thousands digit of 1064?
1
What is the hundreds digit of 1221?
2
What is the hundreds digit of 27135?
1
What is the tens digit of 245?
4
What is the hundreds digit of 388?
3
What is the units digit of 102976?
6
What is the units digit of 309?
9
What is the units digit of 86011?
1
What is the units digit of 568?
8
What is the hundreds digit of 9580?
5
What is the hundreds digit of 16900?
9
What is the hundreds digit of 5769?
7
What is the thousands digit of 7328?
7
What is the thousands digit of 1848?
1
What is the thousands digit of 2494?
2
What is the units digit of 3092?
2
What is the tens digit of 1772?
7
What is the ten thousands digit of 71091?
7
What is the tens digit of 9847?
4
What is the tens digit of 3052?
5
What is the tens digit of 9330?
3
What is the thousands digit of 4139?
4
What is the tens digit of 400?
0
What is the tens digit of 550?
5
What is the tens digit of 174?
7
What is the units digit of 7386?
6
What is the tens digit of 6529?
2
What is the tens digit of 7840?
4
What is the hundreds digit of 218?
2
What is the units digit of 462?
2
What is the tens digit of 72689?
8
What is the thousands digit of 3989?
3
What is the units digit of 378?
8
What is the thousands digit of 2410?
2
What is the thousands digit of 18220?
8
What is the ten thousands digit of 12285?
1
What is the units digit of 2985?
5
What is the thousands digit of 36200?
6
What is the thousands digit of 14646?
4
What is the thousands digit of 65610?
5
What is the thousands digit of 14268?
4
What is the hundreds digit of 41975?
9
What is the hundreds digit of 1844?
8
What is the thousands digit of 1012?
1
What is the thousands digit of 1041?
1
What is the thousands digit of 35974?
5
What is the units digit of 10286?
6
What is the tens digit of 1288?
8
What is the units digit of 4580?
0
What is the tens digit of 900?
0
What is the tens digit of 831?
3
What is the tens digit of 77?
7
What is the tens digit of 68642?
4
What is the thousands digit of 99807?
9
What is the units digit of 15125?
5
What is the unit